at are the prime factors of 4213928?
2, 526741
What are the prime factors of 169135?
5, 33827
What are the prime factors of 2664246?
2, 3, 13, 34157
List the prime factors of 359666.
2, 179833
List the prime factors of 164416.
2, 7, 367
What are the prime factors of 2081103?
3, 693701
What are the prime factors of 195817?
195817
List the prime factors of 2527948.
2, 631987
List the prime factors of 40613.
17, 2389
List the prime factors of 258842.
2, 17, 23, 331
What are the prime factors of 8810270?
2, 5, 7, 43, 2927
List the prime factors of 3690618.
2, 3, 615103
What are the prime factors of 746964?
2, 3, 20749
List the prime factors of 5434676.
2, 13, 104513
List the prime factors of 3947644.
2, 41, 24071
List the prime factors of 1731623.
167, 10369
List the prime factors of 667752.
2, 3, 27823
What are the prime factors of 131052?
2, 3, 67, 163
List the prime factors of 1384654.
2, 692327
What are the prime factors of 2987257?
7, 13, 17, 1931
List the prime factors of 337736.
2, 7, 37, 163
What are the prime factors of 500354?
2, 101, 2477
What are the prime factors of 176123?
176123
List the prime factors of 2004220.
2, 5, 23, 4357
What are the prime factors of 1331757?
3, 7, 21139
List the prime factors of 579191.
107, 5413
What are the prime factors of 64783?
64783
What are the prime factors of 3862?
2, 1931
What are the prime factors of 7915?
5, 1583
What are the prime factors of 208477?
163, 1279
List the prime factors of 4391604.
2, 3, 7, 37, 157
List the prime factors of 30136068.
2, 3, 837113
What are the prime factors of 7864417?
11, 714947
What are the prime factors of 1301949?
3, 11, 13151
What are the prime factors of 989005?
5, 223, 887
List the prime factors of 288454.
2, 233, 619
What are the prime factors of 921433?
157, 5869
List the prime factors of 299279.
107, 2797
What are the prime factors of 27959?
73, 383
List the prime factors of 42134.
2, 21067
What are the prime factors of 744533?
23, 32371
What are the prime factors of 3481707?
3, 1160569
List the prime factors of 4050498.
2, 3, 675083
What are the prime factors of 379779?
3, 71, 1783
What are the prime factors of 224880?
2, 3, 5, 937
What are the prime factors of 173683?
173683
What are the prime factors of 2129107?
2129107
List the prime factors of 227709.
3, 25301
List the prime factors of 458225.
5, 18329
What are the prime factors of 4461227?
4461227
List the prime factors of 1959290.
2, 5, 195929
List the prime factors of 2182786.
2, 1091393
What are the prime factors of 4087899?
3, 454211
What are the prime factors of 512820?
2, 3, 5, 7, 11, 37
List the prime factors of 370442.
2, 185221
What are the prime factors of 174302?
2, 87151
List the prime factors of 2374753.
19, 124987
List the prime factors of 5448778.
2, 2724389
What are the prime factors of 2350322?
2, 13, 90397
What are the prime factors of 323277?
3, 197, 547
What are the prime factors of 6214790?
2, 5, 43, 97, 149
List the prime factors of 965292.
2, 3, 257, 313
List the prime factors of 234612.
2, 3, 7, 19
What are the prime factors of 513837?
3, 19031
What are the prime factors of 8386439?
8386439
List the prime factors of 1199219.
7, 171317
What are the prime factors of 9252342?
2, 3, 11, 83, 563
List the prime factors of 585578.
2, 7, 151, 277
What are the prime factors of 1749147?
3, 17, 34297
List the prime factors of 10920824.
2, 1365103
What are the prime factors of 1119317?
31, 36107
What are the prime factors of 43556702?
2, 7, 19, 373, 439
List the prime factors of 84639.
3, 89, 317
List the prime factors of 223111.
7, 31873
What are the prime factors of 3380883?
3, 11, 102451
List the prime factors of 4068439.
29, 53, 2647
List the prime factors of 431838.
2, 3, 11, 727
List the prime factors of 96226.
2, 13, 3701
List the prime factors of 1089413.
13, 47, 1783
List the prime factors of 421654.
2, 210827
What are the prime factors of 2785743?
3, 97, 3191
What are the prime factors of 2549410?
2, 5, 254941
List the prime factors of 923201.
923201
What are the prime factors of 5985381?
3, 61, 32707
List the prime factors of 3335918.
2, 1667959
What are the prime factors of 255890?
2, 5, 25589
What are the prime factors of 2488427?
2488427
What are the prime factors of 2687607?
3, 13, 19, 31
What are the prime factors of 140419?
140419
What are the prime factors of 26622797?
173, 153889
List the prime factors of 5418.
2, 3, 7, 43
List the prime factors of 5139093.
3, 751, 2281
What are the prime factors of 1725304?
2, 7, 30809
List the prime factors of 484421.
7, 69203
List the prime factors of 9275711.
409, 22679
What are the prime factors of 2827708?
2, 13, 47, 89
What are the prime factors of 807745?
5, 73, 2213
What are the prime factors of 356884?
2, 11, 8111
What are the prime factors of 565911?
3, 227, 277
What are the prime factors of 283795?
5, 211, 269
List the prime factors of 4499842.
2, 2249921
What are the prime factors of 5184280?
2, 5, 129607
What are the prime factors of 6792777?
3, 61, 12373
List the prime factors of 112663.
112663
What are the prime factors of 475734?
2, 3, 7, 47, 241
List the prime factors of 274085.
5, 7, 41, 191
List the prime factors of 2599407.
3, 288823
What are the prime factors of 1952747?
1952747
List the prime factors of 2786161.
7, 398023
What are the prime factors of 8548346?
2, 4274173
List the prime factors of 2054959.
31, 151, 439
List the prime factors of 4306083.
3, 17, 23, 3671
What are the prime factors of 221115?
3, 5, 14741
List the prime factors of 6000264.
2, 3, 27779
List the prime factors of 1139307.
3, 13, 131, 223
List the prime factors of 36718.
2, 11, 1669
What are the prime factors of 290896?
2, 18181
List the prime factors of 5074175.
5, 202967
What are the prime factors of 329286?
2, 3, 54881
List the prime factors of 233604.
2, 3, 7, 103
What are the prime factors of 206986?
2, 13, 19, 419
List the prime factors of 9725485.
5, 7, 11, 25261
What are the prime factors of 2981997?
3, 331333
List the prime factors of 4360324.
2, 29, 37589
What are the prime factors of 2971698?
2, 3, 223, 2221
List the prime factors of 122437.
7, 17491
What are the prime factors of 389249?
7, 17, 3271
List the prime factors of 32252599.
5581, 5779
What are the prime factors of 4163424?
2, 3, 31, 1399
List the prime factors of 4064176.
2, 19, 29, 461
List the prime factors of 162832.
2, 10177
What are the prime factors of 6015762?
2, 3, 101, 1103
List the prime factors of 255352.
2, 59, 541
What are the prime factors of 1923108?
2, 3, 11, 17, 857
What are the prime factors of 351557?
19, 18503
List the prime factors of 1623922.
2, 811961
What are the prime factors of 7720738?
2, 3860369
What are the prime factors of 1536557?
11, 41, 3407
List the prime factors of 53777.
53777
What are the prime factors of 8941184?
2, 7, 17, 587
What are the prime factors of 2012791?
11, 182981
What are the prime factors of 1173037?
73, 16069
What are the prime factors of 1569119?
149, 10531
What are the prime factors of 4651810?
2, 5, 53, 67, 131
List the prime factors of 21030660.
2, 3, 5, 7, 16691
List the prime factors of 18604789.
7, 757, 3511
List the prime factors of 1429689.
3, 31, 15373
What are the prime factors of 12466542?
2, 3, 11, 17, 41, 271
What are the prime factors of 4920263?
4920263
List the prime factors of 90333.
3, 10037
List the prime factors of 999951.
3, 19, 53, 331
What are the prime factors of 1408429?
11, 61, 2099
List the prime factors of 8744284.
2, 37, 59083
What are the prime factors of 3947570?
2, 5, 11, 17, 2111
List the prime factors of 90028.
2, 71, 317
List the prime factors of 963451.
109, 8839
What are the prime factors of 394221?
3, 331, 397
What are the prime factors of 165854?
2, 13, 6379
List the prime factors of 3258721.
41, 79481
What are the prime factors of 521140?
2, 5, 71, 367
List the prime factors of 278796.
2, 3, 7, 3319
What are the prime factors of 2543834?
2, 19, 66943
What are the prime factors of 1264483?
11, 139, 827
What are the prime factors of 428025?
3, 5, 13, 439
List the prime factors of 3912900.
2, 3, 5, 13043
What are the prime factors of 160133?
79, 2027
What are the prime factors of 299480?
2, 5, 7487
What are the prime factors of 777833?
7, 111119
What are the prime factors of 